{"id":2,"date":"2022-03-07T17:35:32","date_gmt":"2022-03-07T17:35:32","guid":{"rendered":"http:\/\/tiendahumor.com\/?page_id=2"},"modified":"2025-04-22T13:21:10","modified_gmt":"2025-04-22T18:21:10","slug":"nosotros","status":"publish","type":"page","link":"https:\/\/tiendahumor.com\/index.php\/nosotros\/","title":{"rendered":"Nosotros"},"content":{"rendered":"\n<p class=\"has-text-align-justify\">Somos un proyecto art\u00edstico y cultural de la ciudad de Medell\u00edn, creemos en el humor como una filosof\u00eda de vida que doblega la rutina y la tristeza, ofrecemos encuentros donde todos nos sentimos amigos. Hemos logrado consolidar un grupo de trabajo vers\u00e1til juntando diferentes modalidades esc\u00e9nicas alrededor del humor para brindar espect\u00e1culos muy variados y completos; la Trova, la Cuenter\u00eda, la Stand-Up Comedy, el Humor Tradicional y la M\u00fasica son las herramientas que utilizamos para entregar no solo entretenimiento sino reflexiones para un mejor vivir.<\/p>\n\n\n\n<figure class=\"wp-block-image aligncenter size-full\"><img loading=\"lazy\" decoding=\"async\" width=\"588\" height=\"278\" src=\"https:\/\/tiendahumor.com\/wp-content\/uploads\/2025\/04\/image.png\" alt=\"\" class=\"wp-image-3662\" srcset=\"https:\/\/tiendahumor.com\/wp-content\/uploads\/2025\/04\/image.png 588w, https:\/\/tiendahumor.com\/wp-content\/uploads\/2025\/04\/image-300x142.png 300w, https:\/\/tiendahumor.com\/wp-content\/uploads\/2025\/04\/image-18x9.png 18w\" sizes=\"auto, (max-width: 588px) 100vw, 588px\" \/><\/figure>\n\n\n\n<blockquote class=\"wp-block-quote is-layout-flow wp-block-quote-is-layout-flow\">\n<p class=\"has-text-align-justify\">La Tienda del Humor nace en febrero de 2007 como una librer\u00eda de textos humor\u00edsticos en el centro de la ciudad de Medell\u00edn, poniendo a la venta libros de humor coleccionados a lo largo de la carrera art\u00edstica de su fundador y uno de los mejores humoristas del pa\u00eds, Jorge Londo\u00f1o \u201cPuntilla\u201d. En el a\u00f1o 2017, la Tienda del Humor se convierte en un caf\u00e9 cultural, donde adem\u00e1s de libros, se disfrutaba de espect\u00e1culos de humor en vivo, con artistas invitados locales, nacionales e internacionales, propuestas de arte y humor de diferentes estilos. As\u00ed, hasta el a\u00f1o 2020, cuando se realiza el cierre de la operaci\u00f3n f\u00edsica como consecuencia de la pandemia por el COVID-19. A partir de all\u00ed se realizaron algunos eventos de manera virtual hasta su reapertura en agosto del a\u00f1o 2023 y un nuevo cierre del espacio f\u00edsico en 2024. Hoy no contamos con sede fija, pero s\u00ed con una gran capacidad de generaci\u00f3n de experiencias divertidas y valiosas y con la intenci\u00f3n de mantener el tejido de cultura alrededor del humor que hemos construido.<\/p>\n<\/blockquote>\n\n\n\n<blockquote class=\"wp-block-quote is-layout-flow wp-block-quote-is-layout-flow\">\n<p>Estamos convencidos que el humor y la comedia pueden transformar seres, y persona a persona el mundo, so\u00f1amos con llevar el humor a todos los rincones y queremos que la vida sea la misma vida, s\u00f3lo que m\u00e1s divertida.<\/p>\n<\/blockquote>\n\n\n\n<p>\u201cLa risa es el mejor ant\u00eddoto contra el virus de la maldad\u201d<\/p>\n\n\n\n<p>Jorge Londo\u00f1o \u201cPuntilla\u201d<\/p>\n","protected":false},"excerpt":{"rendered":"<p>Somos un proyecto art\u00edstico y cultural de la ciudad de Medell\u00edn, creemos en el humor como una filosof\u00eda de vida que doblega la rutina y la tristeza, ofrecemos encuentros donde todos nos sentimos amigos. Hemos logrado consolidar un grupo de trabajo vers\u00e1til juntando diferentes modalidades esc\u00e9nicas alrededor del humor para brindar espect\u00e1culos muy variados y [&hellip;]<\/p>\n","protected":false},"author":1,"featured_media":0,"parent":0,"menu_order":0,"comment_status":"closed","ping_status":"closed","template":"","meta":{"footnotes":""},"class_list":["post-2","page","type-page","status-publish","hentry"],"jetpack_sharing_enabled":true,"_links":{"self":[{"href":"https:\/\/tiendahumor.com\/index.php\/wp-json\/wp\/v2\/pages\/2","targetHints":{"allow":["GET"]}}],"collection":[{"href":"https:\/\/tiendahumor.com\/index.php\/wp-json\/wp\/v2\/pages"}],"about":[{"href":"https:\/\/tiendahumor.com\/index.php\/wp-json\/wp\/v2\/types\/page"}],"author":[{"embeddable":true,"href":"https:\/\/tiendahumor.com\/index.php\/wp-json\/wp\/v2\/users\/1"}],"replies":[{"embeddable":true,"href":"https:\/\/tiendahumor.com\/index.php\/wp-json\/wp\/v2\/comments?post=2"}],"version-history":[{"count":6,"href":"https:\/\/tiendahumor.com\/index.php\/wp-json\/wp\/v2\/pages\/2\/revisions"}],"predecessor-version":[{"id":3663,"href":"https:\/\/tiendahumor.com\/index.php\/wp-json\/wp\/v2\/pages\/2\/revisions\/3663"}],"wp:attachment":[{"href":"https:\/\/tiendahumor.com\/index.php\/wp-json\/wp\/v2\/media?parent=2"}],"curies":[{"name":"wp","href":"https:\/\/api.w.org\/{rel}","templated":true}]}}